re the prime factors of m?
2, 139
Let h(y) = y**2 - 2*y + 13. Let l be h(-6). Suppose 3*r + 4*p = 57, r = 4*r - 4*p - 33. What are the prime factors of l/3 + 10/r?
3, 7
Suppose 4*w - v - 145 = -0*v, 0 = -3*v - 15. List the prime factors of w*1*(-189)/(-45).
3, 7
Suppose 126 = 7*y + 28. Suppose 92 - y = 6*d. What are the prime factors of (-47 + 1)/(d - 15)?
23
What are the prime factors of (-16)/(-2) - (6 - 203)?
5, 41
Let y = -8 - -16. Let r(v) = 16*v - 19. Let l be r(13). Suppose l = y*q - 5*q. What are the prime factors of q?
3, 7
Suppose -13*l = -12*l - 9. Let h(f) = f**2 - f - 8. List the prime factors of h(l).
2
Let p = 2 + -8. Let z be ((-44)/p)/(1/(-3)). Let d = z + 64. What are the prime factors of d?
2, 3, 7
Suppose 11*a + 16*a - 17901 = 0. What are the prime factors of a?
3, 13, 17
Suppose 215*z = 210*z + 690. List the prime factors of z.
2, 3, 23
Let y(d) = 9*d + 0 + 1 + 8*d - 16*d. What are the prime factors of y(6)?
7
Let u(j) = j**3 + 8*j**2 - 12*j + 13. Let s be u(-10). Let w = s + 116. List the prime factors of w.
7
Let w(t) = 2*t**3 - 3*t**2 + 16*t - 115. List the prime factors of w(9).
2, 311
Suppose -3*u = -3*v - 6, 4 = 2*u + 3*v + 2*v. Suppose -u*l - 3*l = -55. Let o = 14 + l. What are the prime factors of o?
5
Suppose -3*a = -3*k - 6, k + a + 4*a = -8. Let t(s) = -1. Let c(q) = -14*q. Let f(n) = k*t(n) - c(n). What are the prime factors of f(2)?
31
Let l = -64 + 36. Let p be 8/l - (-19)/(-7). List the prime factors of -2 - -21 - (2 + p).
2, 5
Let b(j) = 2*j**2 + 15*j - 14. Let l(v) = v**3 - 11*v**2 - 12*v - 11. Let r be l(12). What are the prime factors of b(r)?
3, 7
Let j(r) = 29*r. Suppose 3*f - 5*m + 12 = 5*f, -5*m + 10 = 0. What are the prime factors of j(f)?
29
Let t be -1 - (-366)/3 - 3. Suppose -4*j = 2*n - t, 8*n - 4*j = 6*n + 94. What are the prime factors of n?
53
Let k(o) = -o**3 - 8 - 1416*o**2 + 4*o + 703*o**2 + 708*o**2. Suppose -3*h - 5 - 13 = 0. List the prime factors of k(h).
2
Let r = -54 + 131. Let v = -52 + r. What are the prime factors of v?
5
Let d = 428 + 1462. List the prime factors of d.
2, 3, 5, 7
Suppose 0*g + 9 = -g. Let w = g + 16. Suppose -98 = w*u - 252. List the prime factors of u.
2, 11
Suppose 68*a = 53*a + 9435. List the prime factors of a.
17, 37
Let q be 0 + -2 + (40 - 1). Let n = 38 - 33. Suppose -2*s + q = n. What are the prime factors of s?
2
Let q(o) = -o - 4. Let y be q(-8). Suppose -3*n + y = n. Let j(r) = 4*r**2 - r. What are the prime factors of j(n)?
3
Let t be (-65)/(-13) - (1 - -1). Suppose 39 = 4*u - t*u. Let s = u + -17. List the prime factors of s.
2, 11
Let g be 0 - (-3 + 5 + -1). Let z be g*((-6)/2 - -1). Suppose -3*w - z*i = -81, 5*w + 5*i - 66 = 69. What are the prime factors of w?
3
Let u(o) = -3*o**2 - 172*o + 18. What are the prime factors of u(-41)?
2027
Suppose -5*m - 2*a = 50, -m = 2*m + 3*a + 39. Let u(g) = -4*g - 6*g - g**2 + 0*g + 1. List the prime factors of u(m).
17
Let a = -76 + 76. What are the prime factors of 3 - (a - -2) - -166?
167
Let g be 3 - -3*29 - 2. Let o = 134 - g. List the prime factors of o.
2, 23
Let i be ((-2)/5)/((-5)/125). Let q = i - 20. Let n(g) = g**2 + 8*g - 3. List the prime factors of n(q).
17
Let r = -33 - -30. List the prime factors of r + 1 + 2 - -63.
3, 7
Suppose -3*w - u = 4*u - 10, 0 = -3*w - 2*u + 4. Suppose 8*o - 107 - 13 = w. List the prime factors of o.
3, 5
Suppose -l = -4*l - 21. What are the prime factors of (-2 - l/2)/(3/62)?
31
Suppose 3*a + 14 = -22. Let j = a - -66. What are the prime factors of j?
2, 3
Let a = 228 + -135. List the prime factors of a.
3, 31
Suppose p + 2*p = -5*l + 12, -3*p - 3 = 0. Suppose u = 2*q - 1, 0*q - 2 = -5*q + l*u. List the prime factors of 26 + (0 + q - 1).
2, 13
Let k = 365 + -200. What are the prime factors of k?
3, 5, 11
Suppose 0 = 2*h - 2*r - 4, 5*h - r - r = 1. Let i be h/8 + 4/32. Suppose -5*x = v - i*v - 34, x - 10 = 3*v. List the prime factors of x.
7
Suppose l + 25 = 5*a, -3*a + 4*l = -3 - 29. Let u be ((-1)/(-2))/(4/(-432)). List the prime factors of a/18 + (-1122)/u.
3, 7
Let x = 16 - 11. Suppose -x*f - 23 = 12. List the prime factors of 2/(-7) + (-163)/f.
23
Suppose -2*a - 8 = 0, 0 = -12*l + 15*l - 2*a - 5228. What are the prime factors of l?
2, 3, 5, 29
Suppose -87840 = -24*m + 6*m. Suppose -17*u + m = -u. List the prime factors of u.
5, 61
Suppose d - 11*y - 3969 = -7*y, -3*y = -d + 3971. List the prime factors of d.
41, 97
Let u = 1459 + -54. List the prime factors of u.
5, 281
Let l = 11632 + -7923. What are the prime factors of l?
3709
Let r(q) = -q**2 - 19*q + 56. List the prime factors of r(-10).
2, 73
Let q = 4 + -4. Suppose 15 = 3*z - q*z. Suppose 81 + 22 = z*d + 4*f, f - 43 = -2*d. List the prime factors of d.
23
Let u(x) be the second derivative of x**4/4 + 5*x**3/6 - 4*x. What are the prime factors of u(-5)?
2, 5
Let m be (1 - 1)/(-2 + 0). Suppose -2*t + 47 = -3*f + 16, -f - 5 = m. List the prime factors of 186/t - (-8)/(-32).
23
Let u(v) be the third derivative of 2*v**6/15 - v**4/8 + v**3/3 - 13*v**2. What are the prime factors of u(1)?
3, 5
Suppose -4*m - 3*r + 1297 = 0, -2*r - 1630 = -5*m + 3*r. What are the prime factors of m?
5, 13
List the prime factors of 3 + (0 - -1665)*10/30.
2, 3, 31
Suppose 2 = 5*d - 8. Suppose 0 = d*u + 4*i - 59 + 19, -42 = -2*u - 3*i. List the prime factors of u.
2, 3
Let k = -53 - -74. Suppose -4*w + f = -51, -w + 2*f + f + k = 0. List the prime factors of w.
2, 3
Let y be 10906/(-35) - (-2)/(-5). Let x = -182 - y. What are the prime factors of (x - 2)*(-1)/(-2)?
2
What are the prime factors of ((-6)/(-4))/(22 + (-278411)/12656)?
2, 113
Suppose 5*n + 3*x = 4*n - 9, 3*x = 5*n - 9. Suppose -3*b - 12 = -n*b. Let o(g) = g**2 - 3*g. List the prime factors of o(b).
2, 7
Let z = -223 + 226. Let w = 50 - 29. Suppose 4*q - z*q = w. List the prime factors of q.
3, 7
Let l(k) = 24*k**3 + 11*k**2 - 13. Let j(t) = 12*t**3 + 6*t**2 - 7. Let s(n) = 11*j(n) - 6*l(n). What are the prime factors of s(-1)?
13
Suppose 0 = 2*f - 1827 - 1809. List the prime factors of f.
2, 3, 101
Let v(b) = -7*b + 22. Let d(g) = -15*g + 45. Let o(q) = -6*d(q) + 13*v(q). What are the prime factors of o(-9)?
5
Let s = -93 - -93. Suppose 55*z - 51*z - 276 = s. List the prime factors of z.
3, 23
Let u(l) = l**3 - 7*l**2 - 8*l + 6. Let a be u(8). Let p be (-2)/a - 7/(-3). Suppose -17 = -p*k + 15. What are the prime factors of k?
2
Let d(u) = 9*u - 99. Let j(x) = -5*x + 50. Let p(z) = -6*d(z) - 11*j(z). List the prime factors of p(0).
2, 11
Let a(t) be the third derivative of t**5/20 + 5*t**4/24 - t**3/2 - t**2. Let p = 8 - 12. List the prime factors of a(p).
5
What are the prime factors of (14/(-4))/((-72)/13680)?
5, 7, 19
Let g(z) be the first derivative of z**4/4 + 13*z**3/3 + 8*z**2 + z - 36. What are the prime factors of g(-8)?
193
Let u = -32 - -34. Suppose 4*i + 3*f = f + 8, -3*f = u*i. What are the prime factors of i?
3
Let c(i) = i**3 - i**2 + i - 1. Let p(v) = v**3 - 2*v**2 + 6*v - 2. Let q(h) = 3*c(h) - p(h). List the prime factors of q(3).
5, 7
Suppose -2*f - f = 12. Let x be 30 - f*(-3)/12. Suppose c - 2*k = x, -c + 2*c = -4*k - 1. What are the prime factors of c?
19
Let y = 1947 + -1472. List the prime factors of y.
5, 19
What are the prime factors of (214/(-8)*-2)/(4/264)?
3, 11, 107
List the prime factors of 411*4 - (-5)/1.
17, 97
Let m(o) be the third derivative of 4*o**5/5 + o**3/6 + 11*o**2. What are the prime factors of m(-1)?
7
List the prime factors of ((-7288)/20 - -2)/((-24)/60).
2, 3, 151
Let a be 3/(3 + 2 + -4). Suppose -a*p + 17 = 2, 0 = -x - p + 9. List the prime factors of 82/4 + 2/x.
3, 7
Suppose 3*c - 10934 = -4*j, 3*c - 5424 = 5*j + 5519. What are the prime factors of c?
2, 1823
Suppose 8*i = -3*i + 7117. List the prime factors of i.
647
Let h(i) be the second derivative of i**4/12 - i**3 - 11*i**2 + 6*i. Let y be h(9). Suppose y*f - 25 = -2*m, 2*m = -0*m. What are the prime factors of f?
5
Let g be ((-3)/(-9))/(3/27). List the prime factors of 3 + (7 - g)*1.
7
Let f(w) = -w - 3. Let c be f(0). Suppose -2*o + 20 = n, -o - 3*n = -4*n - 4. Let v = c + o. List the prime factors of v.
5
Let s = -307 - -159. Let x = 225 + s. What are the prime factors of x?
7, 11
Let c = -1094 + 1831. What are the prime factors of c?
11, 67
Let f(u) = 9*u**2 - 2